{"id":5,"date":"2022-11-21T19:02:47","date_gmt":"2022-11-21T19:02:47","guid":{"rendered":"https:\/\/cdl-cdl.ch\/?page_id=5"},"modified":"2024-08-11T07:54:21","modified_gmt":"2024-08-11T07:54:21","slug":"cdl-startseite","status":"publish","type":"page","link":"https:\/\/cdl-cdl.ch\/","title":{"rendered":"CDL Startseite"},"content":{"rendered":"\n<p><\/p>\n\n\n\n<p><\/p>\n\n\n\n<figure class=\"wp-block-image size-full\"><img loading=\"lazy\" decoding=\"async\" width=\"839\" height=\"336\" src=\"https:\/\/cdl-cdl.ch\/wp-content\/uploads\/2022\/11\/Chlordioxid-ein-Geschenkt.bmp\" alt=\"\" class=\"wp-image-60\" srcset=\"https:\/\/cdl-cdl.ch\/wp-content\/uploads\/2022\/11\/Chlordioxid-ein-Geschenkt.bmp 839w, https:\/\/cdl-cdl.ch\/wp-content\/uploads\/2022\/11\/Chlordioxid-ein-Geschenkt-300x120.jpg 300w, https:\/\/cdl-cdl.ch\/wp-content\/uploads\/2022\/11\/Chlordioxid-ein-Geschenkt-768x308.jpg 768w\" sizes=\"auto, (max-width: 839px) 100vw, 839px\" \/><\/figure>\n\n\n\n<p>aber, ich falle mit der T\u00fcr ins Haus  &#8211;  also von vorne: <\/p>\n\n\n\n<p><br>Hallo, ich bin Johannes, wenn Du mir emailieren willst<br>&#8212;&gt; mahler.rueti@bluewin.ch<\/p>\n\n\n\n<figure class=\"wp-block-image size-full\"><img loading=\"lazy\" decoding=\"async\" width=\"282\" height=\"357\" src=\"https:\/\/cdl-cdl.ch\/wp-content\/uploads\/2023\/08\/Hallo-Kopfbild.png\" alt=\"\" class=\"wp-image-138\" srcset=\"https:\/\/cdl-cdl.ch\/wp-content\/uploads\/2023\/08\/Hallo-Kopfbild.png 282w, https:\/\/cdl-cdl.ch\/wp-content\/uploads\/2023\/08\/Hallo-Kopfbild-237x300.png 237w\" sizes=\"auto, (max-width: 282px) 100vw, 282px\" \/><\/figure>\n\n\n\n<p><br>Bei mehr als einem Experiment in Afrika wurden viele Malaria-Patienten <br>zu 99,&#8230; % in wenigen Stunden mit Chlordioxid symptomfrei. Dennoch, oder gerade darum wird es von der \u00d6ffentlichkeit bek\u00e4mpft und unterdr\u00fcckt. Das ist verr\u00fcckt. Wenn man bedenkt, dass gerade jetzt vielleicht 5-10 Millionen Menschen an Malaria schwer leiden und dass eine Million pro Jahr an Malaria sterben, davon die H\u00e4lfte Kinder, dann ist es unfassbar, Chlordioxid in der \u00d6ffentlichkeit schlecht zu machen. Jetzt wissen Sie meine Motivation, diese Homepage zu machen.<br>Diese Homepage ist reines Idealistenzeugs &#8211; kein Gesch\u00e4ft.<br>Und was ich Ihnen, liebe Leserin, lieber Leser noch sagen wollte: ich habe noch zwei andere Homepages, wo&#8217;s schon CDL-Texte von fr\u00fcher hat:<br>www.4elemente.ch<br>www.e-gsundi-sach.ch<\/p>\n\n\n\n<p>Jetzt aber zur\u00fcck zum Thema CDL:   Zuerst ein Bisschen Chemie: <br><\/p>\n\n\n\n<figure class=\"wp-block-image size-full\"><img loading=\"lazy\" decoding=\"async\" width=\"402\" height=\"500\" src=\"https:\/\/cdl-cdl.ch\/wp-content\/uploads\/2022\/11\/02-NaCl.jpg\" alt=\"\" class=\"wp-image-64\" srcset=\"https:\/\/cdl-cdl.ch\/wp-content\/uploads\/2022\/11\/02-NaCl.jpg 402w, https:\/\/cdl-cdl.ch\/wp-content\/uploads\/2022\/11\/02-NaCl-241x300.jpg 241w\" sizes=\"auto, (max-width: 402px) 100vw, 402px\" \/><figcaption class=\"wp-element-caption\"><br><\/figcaption><\/figure>\n\n\n\n<figure class=\"wp-block-image size-full\"><img loading=\"lazy\" decoding=\"async\" width=\"482\" height=\"656\" src=\"https:\/\/cdl-cdl.ch\/wp-content\/uploads\/2022\/11\/03-NaClO2.jpg\" alt=\"\" class=\"wp-image-65\" srcset=\"https:\/\/cdl-cdl.ch\/wp-content\/uploads\/2022\/11\/03-NaClO2.jpg 482w, https:\/\/cdl-cdl.ch\/wp-content\/uploads\/2022\/11\/03-NaClO2-220x300.jpg 220w\" sizes=\"auto, (max-width: 482px) 100vw, 482px\" \/><\/figure>\n\n\n\n<p><\/p>\n\n\n\n<figure class=\"wp-block-image size-full\"><img loading=\"lazy\" decoding=\"async\" width=\"735\" height=\"509\" src=\"https:\/\/cdl-cdl.ch\/wp-content\/uploads\/2022\/11\/04-ClO2-Bild.jpg\" alt=\"\" class=\"wp-image-66\" srcset=\"https:\/\/cdl-cdl.ch\/wp-content\/uploads\/2022\/11\/04-ClO2-Bild.jpg 735w, https:\/\/cdl-cdl.ch\/wp-content\/uploads\/2022\/11\/04-ClO2-Bild-300x208.jpg 300w\" sizes=\"auto, (max-width: 735px) 100vw, 735px\" \/><\/figure>\n\n\n\n<p>An diesen drei Bildern sehen Sie den einfachen Prozess, wie Chlordioxid entsteht. Das Kochsalz besteht aus zwei At\u00f6mchen. Der Chemiker h\u00e4ngt nun an dieses Molek\u00fcl noch zwei Sauerstoff-At\u00f6mchen dran. So entsteht Natrium-Chlorit. Dies ist das Rohmaterial f\u00fcr die Herstellung von Chlordioxid.  Dieses Natriumchlorit-Salz kaufen wir verd\u00fcnnt &#8212;&gt; 75% Wasser, 25% Natrium-Chlorit. Wenn wir nun zu dieser L\u00f6sung die gleiche Menge verd\u00fcnnte Salzs\u00e4ure sch\u00fctten, dann entsteht eine chemische Reaktion, eine braune Fl\u00fcssigkeit. Aus dieser steigt das Chlordioxid-Gas auf.  Und dann schauen wir, dass dieses n\u00fctzliche aber etwas scharf riechende Gas nicht nutzlos entweicht. Wir leiten es in ganz reines Wasser. W\u00e4hrend 24 -48 Stunden dauert dieser Prozess. Dann ist das Wasser gelb. Es enth\u00e4lt etwa 0,3% Chlordioxid. Dass Wasser Gas aufnehmen kann, kennen wir vom Coca-Cola. Dieses ist bekanntlich ges\u00e4ttigt mit Kohlens\u00e4ure-Gas.<br>Ich habe etwa 10 mal einen Vortrag gehalten zu CDL. Wenn Sie sich interessieren, k\u00f6nnen Sie mir emailieren. Dann sende ich Ihnen die Dokumentation, die Bilder, die ich dabei an die Wand geworfen habe  &#8212;&gt;  mahler.rueti@bluewin.ch<\/p>\n\n\n\n<p>Hier k\u00f6nnen Sie die Anleitung zum Chlordioxid-Selbermachen herunterladen:<br><\/p>\n\n\n\n<div class=\"wp-block-file\"><a id=\"wp-block-file--media-aef76163-746a-4394-b9bc-911c9366a3e6\" href=\"https:\/\/cdl-cdl.ch\/wp-content\/uploads\/2022\/11\/ClO2-selber-machen.doc\">ClO2-selber-machen<\/a><a href=\"https:\/\/cdl-cdl.ch\/wp-content\/uploads\/2022\/11\/ClO2-selber-machen.doc\" class=\"wp-block-file__button wp-element-button\" download aria-describedby=\"wp-block-file--media-aef76163-746a-4394-b9bc-911c9366a3e6\">Herunterladen<\/a><\/div>\n\n\n\n<p><\/p>\n\n\n\n<p>Die braune Fl\u00fcssigkeit, die entsteht, wenn man die beiden Komponenten zusammensch\u00fcttet heisst MMS.<br>Die gelbe Fl\u00fcssigkeit, welche 24 &#8211; 48 Stunden sp\u00e4ter da ist, heisst CDL oder CDS (Chlordioxid-L\u00f6sung) oder englisch: Chlordioxid- Solution)<\/p>\n\n\n\n<p>Nun  &#8211;  es ist nat\u00fcrlich verboten, zu sagen, dass Chlordioxid heilende Wirkung im K\u00f6rper hat. Das darf man nur sagen, wenn eine Substanz staatlich zugelassen ist.  Aber es ist nat\u00fcrlich erlaubt, einander zu erz\u00e4hlen, was man  im eigenen K\u00f6rper f\u00fcr wunderbare Wirkung erlebt hat mit CDL. Und die Firma AQUARIUS verkauft Ihnen kein Heilmittel, sondern ein Trinkwasser-Desinfektionsmittel. Das darf sie. Und Sie, als Privat-Person, haben nat\u00fcrlich die Freiheit, es eben anders als zur Wasser-Desinfektion zu verwenden. <br>Die Tatsache dass eine so gute Sache dermassen bek\u00e4mpft und unterdr\u00fcckt wird, ist &#8211; gelinde gesagt &#8211; ziemlich seltsam. Aber ich habe den Staat nicht erfunden und verantworte nicht, was da passiert.<\/p>\n\n\n\n<p>Diese Seite ist noch im Aufbau. Sie k\u00f6nnen auch auf  <br>www.4elemente.ch <br>gehen oder auf <br>www.e-gsundi-Sach.ch<br>Dort erfahren Sie noch eine Menge mehr \u00fcber diese Substanz. <\/p>\n\n\n\n<p>Niemand kann sagen, dass Chlordioxid oder CDL nicht wirkt. Es wird n\u00e4mlich schon \u00fcber 50 Jahre verwendet zur Desinfektion von Trinkwasser, Pet-Flaschengetr\u00e4nk, H\u00fchnerBeinen, usw, und sogar Transfusions-Blut wird mit Chlordioxid desinfiziert, damit der Spender nicht den Empf\u00e4nger ansteckt. Die Trinkwasser-Chemiker und die Lebensmittel-Ingenieure wissen sehr gut und genau wie das wirkt. Dieses Wissen kann nicht in die Ecke der Chr\u00fctli- und Alternativ-Menschen gestellt werden. Es ist sehr gut erforscht. Die Wissenschaft der Lebensmittel-Ingenieure  weiss sehr fundiert dar\u00fcber Bescheid. <br>Und nun passiert etwas ganz Nat\u00fcrliches: Einigen Menschen kommt es von selbst in den Sinn, man k\u00f6nnte CDL auch im und am eigenen K\u00f6rper verwenden.  Genau das geschieht nun schon \u00fcber 25 Jahren. <br>Dazu muss man noch etwas wissen: Die Lebensmittel-Branche muss das Chlordioxid nicht auf der Zutaten-Liste deklarieren. weil es l\u00e4ngst zerfallen ist bis es beim Konsumenten angekommen ist. Jaa &#8211; dieses Molek\u00fcl zerf\u00e4llt innert weniger Stunden zu v\u00f6llig ungef\u00e4hrlichen Substanzen, zu Kochsalz, Wasser&#8230;<\/p>\n\n\n\n<p>Mit diesem Wissen nun k\u00f6nnen Sie liebe Leserin, lieber Leser ganz gut eigene Erfahrungen machen: Sie nehmen einen halben Milliliter der 0,3%igen CDL\u00f6sung, verd\u00fcnnen ihn mit einem Schluck Wasser und trinken ihn. Im K\u00f6rper &#8211; bei 37 Grad &#8211; ist schon nach 3-4 Stunden nichts mehr vorhanden. Wenn Sie also innert dieser kurzen Zeit keinerlei Beschwerden davon bekommen haben, dann haben Sie eine Erfahrung gemacht. Die Erfahrung, dass es Ihnen nichts schadet. Und diese Erfahrung ist mehr wert, als alle  Worte. Dann k\u00f6nnen Sie die Dosis verdoppeln und nach drei Stunden wieder verdoppeln usw. <\/p>\n\n\n\n<p>ich zitiere hier aus dem , CDL-Handbuch von Dr. Antje Oswald, Seite 30<br>&#8230;. im Tierversuch mit Ratten hat man festgestellt, dass die t\u00f6dliche Dosis bei 292mg (Milligramm) pro Kilo K\u00f6rpergewicht liegt. F\u00fcr einen 70 Kilo schweren Menschen w\u00fcrde dies bedeuten, dass er mehr als 6 Liter 0.3-prozentige CD-L\u00f6sung konsumieren m\u00fcsste. Bei Koffein liegt dieser Wert der t\u00f6dlichen Dosis bei 192 mg.<br> Nun &#8211; damit Sie o,3-prozentige L\u00f6sung hinunter bringen m\u00fcssen sie diese gewiss etwa   1 : 10 verd\u00fcnnen. Nun stellen Sie sich vor: von dieser verd\u00fcnnten L\u00f6sung m\u00fcssten Sie 60 Liter trinken. Sie sehen: Chlordioxid einnehmen ist nicht gef\u00e4hrlich. Und Sie fangen ja mit ganz wenig an.<\/p>\n\n\n\n<p>Vielleicht m\u00f6chten Sie nun wissen, wo man diese Substanz kaufen kann. Ich kaufe es bei aquarius   &#8212;&gt;<br>www.https:\/\/aquarius-prolife.com\/de\/maltesian-mineral-solution\/38-mms-classic-2x100ml?s=191308112<br>Und zwar kaufe ich das Rohmaterial <strong>M.M.S. CLASSIC 2x100ml<\/strong><br>Mit diesen zwei 100ml-Fl\u00e4schchen k\u00f6nnen Sie etwa 4 Liter CDL herstellen<br>wenn Sie auf <br>https:\/\/mms-seminar.com\/mms-bezugsquellen\/<br>gehen, dann landen sie auch bei aquarius, und dann sehen Sie das ganze Sortiment. Dort k\u00f6nnen Sie auch das fixfertige CDL kaufen. Dieses heisst dann: <br><strong>CDSplus 100ml oder CDS plus 250ml von AQUARIUS pro life<\/strong>. <br>dies geht nat\u00fcrlich auch, ist einfach etwa 30 mal so teuer, wie wenn Sie es selber machen.<br>Wenn Sie in der N\u00e4he von R\u00fcti Z\u00fcriOberland wohnen k\u00f6nnen sie auch bei mir vorbeikommen. Dann erz\u00e4hl ich Ihnen eine Menge und verkaufe Ihnen das CDL oder auch das MMS-Classic zum Selbstkostenpreis.<br>Falls sie mich noch etwas pers\u00f6nlicher \u00fcber das Internet kennen lernen m\u00f6chten, k\u00f6nnen Sie auf Youtube gehen und dort Tschowani vom Z\u00fcrioberland in die Suchzeile schreiben.<\/p>\n\n\n\n<p>auf der Homepage www.mms-seminar.com scrollen Sie ein wenig nach unten. Dann sehen sie das Bild &#8222;Heilen mit MMS&#8220;. Dort klicken Sie drauf und dann finden Sie eine Menge von kleinen schwarzen Rechtecken. Auf jedem ist ein Thema beschrieben. Dort gibt Ali Erhan viel Info zu Chlordioxid. Sie scrollen immer weiter nach unten, und zu jedem Thema, das sie interessiert, bekommen sie in paar Minuten Infos. <\/p>\n\n\n\n<p>Auch auf   https:\/\/gesundheits-universum.com\/   erhalten Sie eine Menge von Infos und Anregungen zu CDL.<\/p>\n\n\n\n<p><br><\/p>\n","protected":false},"excerpt":{"rendered":"<p>aber, ich falle mit der T\u00fcr ins Haus &#8211; also von vorne: Hallo, ich bin Johannes, wenn Du mir emailieren willst&#8212;&gt; mahler.rueti@bluewin.ch Bei mehr als einem Experiment in Afrika wurden viele Malaria-Patienten zu 99,&#8230; % in wenigen Stunden mit Chlordioxid symptomfrei. Dennoch, oder gerade darum wird es von der \u00d6ffentlichkeit bek\u00e4mpft und unterdr\u00fcckt. Das ist [&hellip;]<\/p>\n","protected":false},"author":1,"featured_media":0,"parent":0,"menu_order":1,"comment_status":"closed","ping_status":"closed","template":"","meta":{"footnotes":""},"class_list":["post-5","page","type-page","status-publish","hentry"],"_links":{"self":[{"href":"https:\/\/cdl-cdl.ch\/index.php\/wp-json\/wp\/v2\/pages\/5","targetHints":{"allow":["GET"]}}],"collection":[{"href":"https:\/\/cdl-cdl.ch\/index.php\/wp-json\/wp\/v2\/pages"}],"about":[{"href":"https:\/\/cdl-cdl.ch\/index.php\/wp-json\/wp\/v2\/types\/page"}],"author":[{"embeddable":true,"href":"https:\/\/cdl-cdl.ch\/index.php\/wp-json\/wp\/v2\/users\/1"}],"replies":[{"embeddable":true,"href":"https:\/\/cdl-cdl.ch\/index.php\/wp-json\/wp\/v2\/comments?post=5"}],"version-history":[{"count":30,"href":"https:\/\/cdl-cdl.ch\/index.php\/wp-json\/wp\/v2\/pages\/5\/revisions"}],"predecessor-version":[{"id":178,"href":"https:\/\/cdl-cdl.ch\/index.php\/wp-json\/wp\/v2\/pages\/5\/revisions\/178"}],"wp:attachment":[{"href":"https:\/\/cdl-cdl.ch\/index.php\/wp-json\/wp\/v2\/media?parent=5"}],"curies":[{"name":"wp","href":"https:\/\/api.w.org\/{rel}","templated":true}]}}