{"id":143,"date":"2023-09-26T13:34:58","date_gmt":"2023-09-26T13:34:58","guid":{"rendered":"https:\/\/cdl-cdl.ch\/?page_id=143"},"modified":"2024-05-28T15:07:04","modified_gmt":"2024-05-28T15:07:04","slug":"ueberdosis","status":"publish","type":"page","link":"https:\/\/cdl-cdl.ch\/index.php\/ueberdosis\/","title":{"rendered":"\u00dcberdosis"},"content":{"rendered":"\n<p>Hier reden wir \u00fcber die Gef\u00e4hrlichkeit von CDL und seiner Vorstufe.<\/p>\n\n\n\n<p>zuerst stelle ich dieses Bild hier hin, das ich auch in den Vortr\u00e4gen zeige. Es ist ein Genuss, diese Frau reden zu h\u00f6ren.<\/p>\n\n\n\n<figure class=\"wp-block-image size-large\"><img loading=\"lazy\" decoding=\"async\" width=\"1024\" height=\"701\" src=\"https:\/\/cdl-cdl.ch\/wp-content\/uploads\/2023\/09\/Forcades-ist-MMS-gefaehrlich-1024x701.jpg\" alt=\"\" class=\"wp-image-144\" srcset=\"https:\/\/cdl-cdl.ch\/wp-content\/uploads\/2023\/09\/Forcades-ist-MMS-gefaehrlich-1024x701.jpg 1024w, https:\/\/cdl-cdl.ch\/wp-content\/uploads\/2023\/09\/Forcades-ist-MMS-gefaehrlich-300x205.jpg 300w, https:\/\/cdl-cdl.ch\/wp-content\/uploads\/2023\/09\/Forcades-ist-MMS-gefaehrlich-768x526.jpg 768w, https:\/\/cdl-cdl.ch\/wp-content\/uploads\/2023\/09\/Forcades-ist-MMS-gefaehrlich-1200x821.jpg 1200w, https:\/\/cdl-cdl.ch\/wp-content\/uploads\/2023\/09\/Forcades-ist-MMS-gefaehrlich.jpg 1420w\" sizes=\"auto, (max-width: 1024px) 100vw, 1024px\" \/><\/figure>\n\n\n\n<p><br>Dann muss man unterscheiden zwischen dem ClO2 und dem NaClO2. Das Chlordioxid ist ein Gas. Wasser kann bis zu 0.3% von diesem Gas aufnehmen. Das ergibt dann CDL &#8211; Chlordioxid-L\u00f6sung. Diese L\u00f6sung stinkt, weil st\u00e4ndig ein wenig Gas austritt. Wenn Arbeiter mit dieser L\u00f6sung grosse R\u00e4ume in Meerschiffen desinfizieren, dann atmen sie dieses Gas ein. Es ist m\u00f6glich, dass M\u00e4nner auf diese Weise schwere Sch\u00e4den erlitten haben. Andreas Kalcker empfiehlt auch, diese Gas, das man im Umgang mit CDL riecht nicht einzuatmen.<\/p>\n\n\n\n<p>Aber wir reden ja jetzt nicht von Atmung, sondern von Einnahme durch den Mund. Sich ernsthaft mit CDL sich zu sch\u00e4digen ist nicht m\u00f6glich: Fr\u00fcher habe ich manchmal 20 ml von diesem gelben Wasser getrunken. Aber das ist gruusig und brennt im Hals. Da h\u00f6ren Sie sofort auf damit. Ich stelle hierzu noch ein Bild aus meiner Vortragsreihe hin:<\/p>\n\n\n\n<figure class=\"wp-block-image size-full\"><img loading=\"lazy\" decoding=\"async\" width=\"686\" height=\"909\" src=\"https:\/\/cdl-cdl.ch\/wp-content\/uploads\/2023\/09\/72-Letal-Dosis.jpg\" alt=\"\" class=\"wp-image-145\" srcset=\"https:\/\/cdl-cdl.ch\/wp-content\/uploads\/2023\/09\/72-Letal-Dosis.jpg 686w, https:\/\/cdl-cdl.ch\/wp-content\/uploads\/2023\/09\/72-Letal-Dosis-226x300.jpg 226w\" sizes=\"auto, (max-width: 686px) 100vw, 686px\" \/><\/figure>\n\n\n\n<p><br>Also, mit CDL eine \u00dcberdosis abzubekommen ist nicht m\u00f6glich, weil es zu verd\u00fcnnt ist. Anders aber ist es mit dem Rohmaterial, aus dem wir CDL herstellen, mit Natriumchlorit. Dies ist kein Gas, sondern ein Salz. In einer w\u00e4sserigen L\u00f6sung kann man davon bis zu 25% hinein bekommen. Und davon kann es schon eine \u00dcberdosis geben. Frau Forcades hat in der grossen internationalen medizinischen Datenbank schlussendlich f\u00fcnf F\u00e4lle gefunden, die zum Teil die hundertfache Menge der Normaldosis eingenommen haben. Davon waren drei die explizit versucht hatten damit Selbstmord zu machen. Einer hat noch zwei Flaschen Wisky obendrauf gesoffen. Aber keiner hat es geschafft daran zu sterben.<br><strong>Warnung<\/strong>: Wenn Sie Suizid im Sinn haben, dann halten Sie sich fern von CDL und von Natriumchlorit. Es besteht die Gefahr, dass sie nach dem Versuch l\u00e4nger leben und ges\u00fcnder sind als Sie es ohne diesen Versuch w\u00e4ren.<\/p>\n\n\n\n<p>Bei Aspirin hingegen gibt es st\u00e4ndig Todesf\u00e4lle:<\/p>\n\n\n\n<figure class=\"wp-block-image size-full\"><img loading=\"lazy\" decoding=\"async\" width=\"737\" height=\"735\" src=\"https:\/\/cdl-cdl.ch\/wp-content\/uploads\/2023\/09\/Aspirin-Tote.jpg\" alt=\"\" class=\"wp-image-146\" srcset=\"https:\/\/cdl-cdl.ch\/wp-content\/uploads\/2023\/09\/Aspirin-Tote.jpg 737w, https:\/\/cdl-cdl.ch\/wp-content\/uploads\/2023\/09\/Aspirin-Tote-300x300.jpg 300w, https:\/\/cdl-cdl.ch\/wp-content\/uploads\/2023\/09\/Aspirin-Tote-150x150.jpg 150w\" sizes=\"auto, (max-width: 737px) 100vw, 737px\" \/><\/figure>\n\n\n\n<p><\/p>\n","protected":false},"excerpt":{"rendered":"<p>Hier reden wir \u00fcber die Gef\u00e4hrlichkeit von CDL und seiner Vorstufe. zuerst stelle ich dieses Bild hier hin, das ich auch in den Vortr\u00e4gen zeige. Es ist ein Genuss, diese Frau reden zu h\u00f6ren. Dann muss man unterscheiden zwischen dem ClO2 und dem NaClO2. Das Chlordioxid ist ein Gas. Wasser kann bis zu 0.3% von [&hellip;]<\/p>\n","protected":false},"author":1,"featured_media":0,"parent":0,"menu_order":6,"comment_status":"closed","ping_status":"closed","template":"","meta":{"footnotes":""},"class_list":["post-143","page","type-page","status-publish","hentry"],"_links":{"self":[{"href":"https:\/\/cdl-cdl.ch\/index.php\/wp-json\/wp\/v2\/pages\/143","targetHints":{"allow":["GET"]}}],"collection":[{"href":"https:\/\/cdl-cdl.ch\/index.php\/wp-json\/wp\/v2\/pages"}],"about":[{"href":"https:\/\/cdl-cdl.ch\/index.php\/wp-json\/wp\/v2\/types\/page"}],"author":[{"embeddable":true,"href":"https:\/\/cdl-cdl.ch\/index.php\/wp-json\/wp\/v2\/users\/1"}],"replies":[{"embeddable":true,"href":"https:\/\/cdl-cdl.ch\/index.php\/wp-json\/wp\/v2\/comments?post=143"}],"version-history":[{"count":4,"href":"https:\/\/cdl-cdl.ch\/index.php\/wp-json\/wp\/v2\/pages\/143\/revisions"}],"predecessor-version":[{"id":166,"href":"https:\/\/cdl-cdl.ch\/index.php\/wp-json\/wp\/v2\/pages\/143\/revisions\/166"}],"wp:attachment":[{"href":"https:\/\/cdl-cdl.ch\/index.php\/wp-json\/wp\/v2\/media?parent=143"}],"curies":[{"name":"wp","href":"https:\/\/api.w.org\/{rel}","templated":true}]}}